{"id":1004,"date":"2024-10-29T10:10:56","date_gmt":"2024-10-29T13:10:56","guid":{"rendered":"https:\/\/raaa66.iar.unlp.edu.ar\/?page_id=1004"},"modified":"2024-10-29T10:18:28","modified_gmt":"2024-10-29T13:18:28","slug":"template-boletin-66","status":"publish","type":"page","link":"https:\/\/raaa66.iar.unlp.edu.ar\/index.php\/template-boletin-66\/","title":{"rendered":"Template Bolet\u00edn 66"},"content":{"rendered":"\n<h4 class=\"wp-block-heading has-text-align-center\">Invitaci\u00f3n a enviar contribuciones al Vol. 66 del BAAA<\/h4>\n\n\n\n<p>A partir del 4 de noviembre 2024, de la recepci\u00f3n de art\u00edculos para el Vol. 66 del Bolet\u00edn de la Asociaci\u00f3n Argentina de Astronom\u00eda (BAAA). Este volumen corresponde a los trabajos presentados en&nbsp;la 66a Reuni\u00f3n Anual de la AAA (RAAA66) realizada en la ciudad de La Plata en el mes de septiembre pasado.<\/p>\n\n\n\n<p>Como es usual hay dos categor\u00edas de trabajos:<\/p>\n\n\n\n<p>(i) CONTRIBUCIONES ORALES Y MURALES, con<strong> cuatro p\u00e1ginas<\/strong> de extensi\u00f3n m\u00e1xima. L\u00edmite de recepci\u00f3n de manuscritos: <strong>13 de diciembre de 2024.<\/strong><\/p>\n\n\n\n<p>(ii) INFORMES INVITADOS, MESA REDONDA y PREMIOS, con <strong>ocho p\u00e1ginas <\/strong>de extensi\u00f3n m\u00e1xima. L\u00edmite de recepci\u00f3n de manuscritos: <strong>14 de febrero de 2024.<\/strong><\/p>\n\n\n\n<p>Los trabajos de tipo contribuci\u00f3n oral o mural ser\u00e1n sometidos a revisi\u00f3n por \u00e1rbitros. Los art\u00edculos correspondientes a exposiciones invitadas, mesa redonda y premios no ser\u00e1n sometidos a arbitraje. Los mismos ser\u00e1n editados por la Dra.<\/p>\n\n\n\n<p>Paula Benaglia quien se desempe\u00f1a como Editora Invitada en el BAAA 66.<\/p>\n\n\n\n<p>Se recuerda que todos los trabajos deben ser originales, no haber sido publicados previamente, ni enviados a publicar en otro lugar. Los trabajos aprobados ser\u00e1n publicados en forma electr\u00f3nica y, adem\u00e1s, pasar\u00e1n a formar parte de la base de publicaciones ADS-NASA.<\/p>\n\n\n\n<p>Si se utilizan figuras de publicaciones anteriores (en particular, esto es habitual en los informes invitados) se recuerda solicitar a la revista en que se public\u00f3 la figura original el permiso de reproducci\u00f3n seg\u00fan sea su modalidad.<br>Los trabajos se podr\u00e1n redactar en castellano o ingl\u00e9s a elecci\u00f3n del autor. En ambos casos se debe incluir un resumen biling\u00fce.<\/p>\n\n\n\n<p>El env\u00edo de los art\u00edculos se debe realizar mediante el Sistema de Gesti\u00f3n de Manuscritos (SiGMa) de la AAA, bajo el enlace:<br><a href=\"http:\/\/sigma.fcaglp.unlp.edu.ar\/\" target=\"_blank\" rel=\"noreferrer noopener\">http:\/\/sigma.fcaglp.unlp.edu.ar\/<\/a><\/p>\n\n\n\n<p>donde podr\u00e1n subir su art\u00edculo como un \u00fanico archivo PDF.&nbsp;<\/p>\n\n\n\n<p>Ingresando a SiGMa con el rol &#8220;autor&#8221; y bajo la opci\u00f3n &#8220;mis contribuciones&#8221;, podr\u00e1n cargar el PDF de su contribuci\u00f3n que deber\u00e1n elaborar siguiendo <strong>el paquete de instructivos AAA_2024_art.tgz<\/strong> que se encuentra en ese mismo sitio y <strong>al que pueden acceder tambi\u00e9n<\/strong> desde el siguiente bot\u00f3n:<\/p>\n\n\n\n<div class=\"wp-block-buttons is-content-justification-center is-layout-flex wp-container-1 wp-block-buttons-is-layout-flex\">\n<div class=\"wp-block-button\"><a class=\"wp-block-button__link wp-element-button\" href=\"https:\/\/raaa66.iar.unlp.edu.ar\/wp-content\/uploads\/2024\/10\/AAA_2024_art.gz\">Bajar el template<\/a><\/div>\n<\/div>\n\n\n\n<p>Se ruega ajustarse a las instrucciones dado que de no hacerlo se dificulta la compilaci\u00f3n final del Bolet\u00edn y todos los cambios para generar la misma deben ser ingresados manualmente art\u00edculo por art\u00edculo. Por favor, ajustarse a las &#8220;keywords&#8221; que se indican y no generar &#8220;keywords&#8221; nuevas.<\/p>\n\n\n\n<p>Los res\u00famenes de trabajos presentados en la reuni\u00f3n se encuentran publicados en el cuaderno de res\u00famenes CRAAA 66 de la reuni\u00f3n.<\/p>\n\n\n\n<p><a href=\"http:\/\/astronomiaargentina.org.ar\/uploads\/docs\/craaa66.pdf\" target=\"_blank\" rel=\"noreferrer noopener\">http:\/\/astronomiaargentina.org.ar\/uploads\/docs\/craaa66.pdf<\/a><\/p>\n\n\n\n<p>Algunos han sido editados para corregir errores de estilo y pueden ser tomados de referencia para la escritura de los art\u00edculos correspondientes.<\/p>\n\n\n\n<p>Agradecemos desde ya el env\u00edo de sus contribuciones para la edici\u00f3n del Bolet\u00edn.<\/p>\n\n\n\n<p>Saludos cordiales,<\/p>\n\n\n\n<p>Comit\u00e9 Editorial BAAA<\/p>\n\n\n\n<div style=\"height:245px\" aria-hidden=\"true\" class=\"wp-block-spacer\"><\/div>\n","protected":false},"excerpt":{"rendered":"<p>Invitaci\u00f3n a enviar contribuciones al Vol. 66 del BAAA A partir del 4 de noviembre 2024, de la recepci\u00f3n de art\u00edculos para el Vol. 66 del Bolet\u00edn de la Asociaci\u00f3n Argentina de Astronom\u00eda (BAAA). Este volumen corresponde a los trabajos presentados en&nbsp;la 66a Reuni\u00f3n Anual de la AAA (RAAA66) realizada en la ciudad de La [&hellip;]<\/p>\n","protected":false},"author":1,"featured_media":0,"parent":0,"menu_order":0,"comment_status":"closed","ping_status":"closed","template":"","meta":{"footnotes":""},"_links":{"self":[{"href":"https:\/\/raaa66.iar.unlp.edu.ar\/index.php\/wp-json\/wp\/v2\/pages\/1004"}],"collection":[{"href":"https:\/\/raaa66.iar.unlp.edu.ar\/index.php\/wp-json\/wp\/v2\/pages"}],"about":[{"href":"https:\/\/raaa66.iar.unlp.edu.ar\/index.php\/wp-json\/wp\/v2\/types\/page"}],"author":[{"embeddable":true,"href":"https:\/\/raaa66.iar.unlp.edu.ar\/index.php\/wp-json\/wp\/v2\/users\/1"}],"replies":[{"embeddable":true,"href":"https:\/\/raaa66.iar.unlp.edu.ar\/index.php\/wp-json\/wp\/v2\/comments?post=1004"}],"version-history":[{"count":7,"href":"https:\/\/raaa66.iar.unlp.edu.ar\/index.php\/wp-json\/wp\/v2\/pages\/1004\/revisions"}],"predecessor-version":[{"id":1014,"href":"https:\/\/raaa66.iar.unlp.edu.ar\/index.php\/wp-json\/wp\/v2\/pages\/1004\/revisions\/1014"}],"wp:attachment":[{"href":"https:\/\/raaa66.iar.unlp.edu.ar\/index.php\/wp-json\/wp\/v2\/media?parent=1004"}],"curies":[{"name":"wp","href":"https:\/\/api.w.org\/{rel}","templated":true}]}}