{"id":45,"date":"2024-02-28T10:29:10","date_gmt":"2024-02-28T13:29:10","guid":{"rendered":"https:\/\/raaa66.iar.unlp.edu.ar\/?page_id=45"},"modified":"2024-04-15T14:53:25","modified_gmt":"2024-04-15T17:53:25","slug":"informacion-practica","status":"publish","type":"page","link":"https:\/\/raaa66.iar.unlp.edu.ar\/index.php\/informacion-practica\/","title":{"rendered":"Informaci\u00f3n pr\u00e1ctica"},"content":{"rendered":"\n<p class=\"has-text-align-right has-contrast-color has-text-color has-medium-font-size\"><strong>Contacto: <a href=\"raaa66@iar.unlp.edu.ar\">raaa66@iar.unlp.edu.ar <\/a><\/strong><\/p>\n\n\n\n<h3 class=\"wp-block-heading has-text-align-center\">Sede de la Reuni\u00f3n y Transporte<\/h3>\n\n\n\n<div class=\"wp-block-columns are-vertically-aligned-top is-layout-flex wp-container-8 wp-block-columns-is-layout-flex\">\n<div class=\"wp-block-column is-vertically-aligned-top is-layout-flow wp-block-column-is-layout-flow\" style=\"flex-basis:100%\">\n<div class=\"wp-block-group has-global-padding is-layout-constrained wp-block-group-is-layout-constrained\">\n<div class=\"wp-block-columns is-layout-flex wp-container-5 wp-block-columns-is-layout-flex\">\n<div class=\"wp-block-column is-layout-flow wp-block-column-is-layout-flow\" style=\"flex-basis:100%\">\n<div class=\"wp-block-group has-global-padding is-layout-constrained wp-block-group-is-layout-constrained\">\n<div class=\"wp-block-columns is-layout-flex wp-container-2 wp-block-columns-is-layout-flex\">\n<div class=\"wp-block-column is-layout-flow wp-block-column-is-layout-flow\" style=\"flex-basis:100%\">\n<p class=\"has-text-align-center\"><iframe src=\"https:\/\/www.google.com\/maps\/embed?pb=!1m14!1m8!1m3!1d3271.7363676546456!2d-57.9534036!3d-34.9130649!3m2!1i1024!2i768!4f13.1!3m3!1m2!1s0x95a2e6375deb42a9%3A0xf80aa4ebe40a2507!2sCentro%20de%20Posgrado%20Sergio%20Karakachoff%20-%20Universidad%20Nacional%20de%20La%20Plata!5e0!3m2!1ses!2sar!4v1713197376240!5m2!1ses!2sar\" width=\"400\" height=\"300\" style=\"border:0;\" allowfullscreen=\"\" loading=\"lazy\" referrerpolicy=\"no-referrer-when-downgrade\"><\/iframe><\/p>\n<\/div>\n<\/div>\n<\/div>\n<\/div>\n<\/div>\n<\/div>\n<\/div>\n<\/div>\n\n\n\n<p class=\"has-contrast-color has-text-color\"><strong>Desde estaci\u00f3n de trenes La Plata hasta Avenida 7 y Calle 47:<\/strong><\/p>\n\n\n\n<p class=\"has-text-color\" style=\"color:#464c51\"><strong>Saliendo desde la estaci\u00f3n en Avenida 1 y Calle 43:<\/strong><\/p>\n\n\n\n<ul>\n<li>307 ramales A16, B (Los Hornos), C (Facultades, Cementerio), D y E.<\/li>\n\n\n\n<li>520 ramal 3.<\/li>\n<\/ul>\n\n\n\n<p class=\"has-text-color\" style=\"color:#464c51\"><strong>Saliendo desde la estaci\u00f3n en Avenida 1 y Calle 42:<\/strong><\/p>\n\n\n\n<ul>\n<li>Oeste ramal 65 (Plaza Moreno por Melchor Romero o por Tolosa) y 66 (Plaza Moreno).<\/li>\n<\/ul>\n\n\n\n<p class=\"has-text-color\" style=\"color:#464c51\"><strong>Saliendo desde Diagonal 80 entre Avenida 1 y Calle 2:<\/strong><\/p>\n\n\n\n<ul>\n<li>215 ramales A (El Pato), C (El Pato por Arturo Segui), D (El Pato por 520 y RP 36) y a Aluar.<\/li>\n\n\n\n<li>225 (G\u00f3mez por 44).<\/li>\n\n\n\n<li>Oeste ramales 10 (1 y 57, 197 y 38, Escuela 3), 11 (Estaci\u00f3n Etcheverry por 44 y por Escuela 61), 14 (Abasto por 44), 15 (Abasto por 38, Parque Industrial), 16 (Barrio Santa Ana, Melchor Romero por 36), 17 (Melchor Romero, Olmos por Melchor Romero), 26 (Hern\u00e1ndez, 155 y 38), 81 (Ruta 2, Km 42.5), 83 (Escuela 6, Abasto), 84 (El Peligro) y 85 (Colonia Urquiza).<\/li>\n<\/ul>\n\n\n\n<p><strong>Desde terminal de colectivos La Plata hasta Avenida 7 y Calle 47:<\/strong><\/p>\n\n\n\n<p class=\"has-text-color\" style=\"color:#464c51\"><strong>Saliendo desde Calle 42 entre Calle 3 y Calle 4:<\/strong><\/p>\n\n\n\n<ul>\n<li>215 ramal A (Estaci\u00f3n Ferrocarril).<\/li>\n<\/ul>\n\n\n\n<p class=\"has-text-color\" style=\"color:#464c51\"><strong>Saliendo desde Calle 41 entre Calle 3 y Calle 4:<\/strong><\/p>\n\n\n\n<ul>\n<li>Este ramales 10, 11 (Ruta 11 y 615, Ruta 11 y 615 por Barrio UPCN), 12 (613 y 6), 14 (22 y 659 por 7 o por 13), 15 (Ruta 11 y 615), 16 (Ruta 11 y 615), 61 (13 y 85), 80 (Ignacio Correas).<\/li>\n\n\n\n<li>520 ramal 3.<\/li>\n\n\n\n<li>202 ramales 1 (Barrio El Carmen, Barrio El Carmen por 31 y 127) y 2.<\/li>\n<\/ul>\n\n\n\n<p class=\"has-text-color\" style=\"color:#464c51\"><strong>Saliendo desde Diagonal 74 entre Calle 3 y Calle 4:<\/strong><\/p>\n\n\n\n<ul>\n<li>Oeste ramales 15 (Estaci\u00f3n Ferrocarril por 38), 17 (Estaci\u00f3n Ferrocarril por 38) y 26 (Estaci\u00f3n Ferrocarril).<\/li>\n<\/ul>\n\n\n\n<p class=\"has-text-color\" style=\"color:#464c51\"><strong>Saliendo desde Diagonal 74 entre Calle 4 y Calle 5:<\/strong><\/p>\n\n\n\n<ul>\n<li>Sur ramal 10, 12, 14, 15, 16 y 61.<\/li>\n<\/ul>\n\n\n\n<div style=\"height:100px\" aria-hidden=\"true\" class=\"wp-block-spacer\"><\/div>\n","protected":false},"excerpt":{"rendered":"<p>Contacto: raaa66@iar.unlp.edu.ar Sede de la Reuni\u00f3n y Transporte Desde estaci\u00f3n de trenes La Plata hasta Avenida 7 y Calle 47: Saliendo desde la estaci\u00f3n en Avenida 1 y Calle 43: Saliendo desde la estaci\u00f3n en Avenida 1 y Calle 42: Saliendo desde Diagonal 80 entre Avenida 1 y Calle 2: Desde terminal de colectivos La [&hellip;]<\/p>\n","protected":false},"author":1,"featured_media":0,"parent":0,"menu_order":0,"comment_status":"closed","ping_status":"closed","template":"","meta":{"footnotes":""},"_links":{"self":[{"href":"https:\/\/raaa66.iar.unlp.edu.ar\/index.php\/wp-json\/wp\/v2\/pages\/45"}],"collection":[{"href":"https:\/\/raaa66.iar.unlp.edu.ar\/index.php\/wp-json\/wp\/v2\/pages"}],"about":[{"href":"https:\/\/raaa66.iar.unlp.edu.ar\/index.php\/wp-json\/wp\/v2\/types\/page"}],"author":[{"embeddable":true,"href":"https:\/\/raaa66.iar.unlp.edu.ar\/index.php\/wp-json\/wp\/v2\/users\/1"}],"replies":[{"embeddable":true,"href":"https:\/\/raaa66.iar.unlp.edu.ar\/index.php\/wp-json\/wp\/v2\/comments?post=45"}],"version-history":[{"count":44,"href":"https:\/\/raaa66.iar.unlp.edu.ar\/index.php\/wp-json\/wp\/v2\/pages\/45\/revisions"}],"predecessor-version":[{"id":676,"href":"https:\/\/raaa66.iar.unlp.edu.ar\/index.php\/wp-json\/wp\/v2\/pages\/45\/revisions\/676"}],"wp:attachment":[{"href":"https:\/\/raaa66.iar.unlp.edu.ar\/index.php\/wp-json\/wp\/v2\/media?parent=45"}],"curies":[{"name":"wp","href":"https:\/\/api.w.org\/{rel}","templated":true}]}}