{"id":873,"date":"2024-08-20T08:54:56","date_gmt":"2024-08-20T11:54:56","guid":{"rendered":"https:\/\/raaa66.iar.unlp.edu.ar\/?page_id=873"},"modified":"2024-08-23T10:03:22","modified_gmt":"2024-08-23T13:03:22","slug":"contribuciones-orales","status":"publish","type":"page","link":"https:\/\/raaa66.iar.unlp.edu.ar\/index.php\/contribuciones-orales\/","title":{"rendered":"Contribuciones orales"},"content":{"rendered":"\n<h2 class=\"wp-block-heading\">Contribuciones orales<\/h2>\n\n\n\n<p class=\"has-background has-medium-font-size\" style=\"background-color:#d4d4f1\"><strong>Importante: <\/strong>Las contribuciones orales (charlas cortas) tendr\u00e1n una duraci\u00f3n de 12 minutos (10\u2019 de charla m\u00e1s 2\u2019 de preguntas). Los p\u00f3sters podr\u00e1n tener como m\u00e1ximo 80 cm de ancho y 90 cm de alto.<\/p>\n\n\n\n<p>Alberici Adam, A.: <em>An\u00e1lisis de variabilidad y evoluci\u00f3n de una muestra de supergigantes B<\/em><br>Araujo Furlan, S. B.: <em>Search of transient radio activity from southern magnetars<\/em><br>Badaraco, M. B.: <em>Classifying X-ray binaries using only X-ray data<\/em><br>Barrera, F. N.: <em>Resultado del procesamiento de sesiones VLBI en el IGN y la participaci\u00f3n de AGGO en ellas<\/em><br>Bartolomeo Koninckx, L.: <em>Evoluci\u00f3n del par\u00e1metro de spin en sistemas binarios interactuantes con un agujero negro<\/em><br>Bellavita, C. A.: <em>Una oscilaci\u00f3n cuasi-peri\u00f3dica imaginaria al t\u00e9rmino de la erupci\u00f3n de MAXI J1820+070<\/em><br>Bosch, G.: Eclipse Solar: <em>Asimetr\u00edas en la respuesta temporal de la ion\u00f3sfera<\/em><br>Bustillos, F.: <em>Towards a Standardized Methodology for Cosmic Void Analysis<\/em><br>Cabral, L.: <em>Performance Assessment via the Cram\u00e9r-Rao bound of the Argentinean Multipurpose Interferometer Array<\/em><br>Calcaferro, L. M.: <em>TESS asteroseismology of the GW Vir-type central star of the Planetary Nebula NGC 246<\/em><br>Canullan-Pascual, M. O.: <em>Reacciones congeladas fuera del equilibrio y nueva rama de estabilidad extendida para estrellas de neutrones<\/em><br>Cataldi, P.: <em>Galaxy sizes and compactness during the epoch of reionization<\/em><br>Cerdosino, M. C.: <em>B\u00fasqueda del impacto de perturbaciones gravitacionales en sistemas de galaxias emisoras de Lyman-Alpha<\/em><br>Colazo, P. E.: <em>Primordial black holes to ease the tension in early star formatio<\/em><br>Colombo, P. D.: <em>Ciclos de actividad en estrellas de tipo solar<\/em><br>Correa, A. E.: <em>Estudio de la evoluci\u00f3n del polvo en discos protoplanetarios en diferentes sistemas estelares binarios<\/em><br>Crespi, V.: <em>Spikes de Materia Oscura alrededor de Agujeros Negros supermasivos y sus consecuencias din\u00e1micas<\/em><br>Damia Rinc\u00f3n, C.: <em>C\u00e1lculo de Isocronas para el estudio de la metalicidad del plano gal\u00e1ctico<\/em><br>De Bortoli, B. J.: <em>Reconstruyendo la historia evolutiva de galaxias de disco a partir del estudio sus c\u00famulos globulares<\/em><br>De Rossi, M. E.: <em>Unveiling the properties of first galaxies with JWST and ALMA<\/em><br>Errico, A.: <em>Hot Jupiter &#8211; Cold Jupiter, sistemas planetarios con un pasado turbulento<\/em> <br>Ertola Urtubey, M.: <em>Electromagnetic fluxes in rotating wormholes<br><\/em>Escobar, G. J.: <em>Agujeros negros binarios en c\u00famulos de poblaci\u00f3n III<\/em><br>Etchegoyen, M. del R.: <em>Determinaci\u00f3n de ERPs y coordenadas del geocentro a partir de informaci\u00f3n SLR conjunta a LAGEOS y ETALON<br><\/em>Ferrari, L.: <em>SN 2023ixf: progenitor y asimetr\u00edas a partir de la emisi\u00f3n tard\u00eda<\/em><br>Fogantini, F. A.: <em>Estudio sistem\u00e1tico en rayos X de la variabilidad de Cygnus X-1<\/em><br>Galante, C. A.: <em>Search for radio halos in edge-on starburst galaxies<\/em><br>Gancio, G.: <em>Proposal for a Lunar Antenna for Radio Astronomy (LARA)<\/em><br>Garc\u00eda, L.H.: <em>Gemini Argentina: novedades y actualizaci\u00f3n 2023<\/em><br>Gomez, J. L.: <em>S\u00edntesis poblacional de discos protoplanetarios: Comparaci\u00f3n de modelos de disco y observaciones<\/em><br>Grimozzi, S. E.: <em>Disrupted and surviving satellites of Milky-Way-mass galaxies: connecting their properties with their host accretion histories<\/em><br>Guzm\u00e1n Ccolque, E.: <em>Confirming the Explosive Dispersal Outflow in DR21 with ALMA<\/em><br>Hacker, A.: <em>TOI-2374,b and TOI-3071,b: two metal-rich sub-Saturns well within the Neptunian desert<\/em><br>Illesca, D. M.: <em>Propiedades astrof\u00edsicas de c\u00famulos estelares ubicados en la periferia de la Nube Menor de Magallanes<\/em><br>Karla, R. S.: <em>Ense\u00f1anza de la astronom\u00eda: una perspectiva desde la teor\u00eda del actor-red<\/em><br>Leizerovich, M.: <em>Tensiones en cosmolog\u00eda: una discusi\u00f3n sobre herramientas estad\u00edsticas para determinar inconsistencias<\/em><br>Levis, S.: <em>El papel de la din\u00e1mica orbital en la supresi\u00f3n de la formaci\u00f3n estelar en grupos de galaxias<\/em><br>Lopez Fuentes, M.: <em>Modelado hidrodin\u00e1mico de arcos coronales<\/em><br>Mari, M. B.: <em>Nuevas evidencias de H_2 en estructuras de baja ionizaci\u00f3n de nebulosas planetarias<\/em><br>Martinez, J. R.: <em>Thermal and non-thermal radiation from isolated stellar-mass black holes<\/em><br>Melita, M. D.: <em>Los asteroides Centauros a trav\u00e9s del JWST<\/em><br>Mor\u00f3n, L. M.: <em>An\u00e1lisis astrof\u00edsico de un nuevo c\u00famulo estelar moderadamente viejo ubicado en la regi\u00f3n de la nebulosa Trifid<\/em><br>Nuevo, F. A.: <em>Nuevos diagn\u00f3sticos 3D de la corona solar interna mediante tomograf\u00eda con m\u00faltiples instrumentos<\/em><br>Ocampo, M. M.: <em>Explorando el impacto de los gradientes qu\u00edmicos en los procesos de mezcla del interior estelar<\/em><br>Orcajo, S.: <em>Estudio evolutivo del disco protoplanetario de Elias 2-24 a partir de simulaciones basadas en par\u00e1metros observacionales<\/em><br>Oviedo, C. G.: <em>Detecci\u00f3n de ciclos estelares en enanas M<\/em><br>Pasquevich, L. M.: <em>Bethe-Heitler mechanism in ultraluminous X-ray sources<\/em><br>Paz, L. G.: <em>Estudio astrom\u00e9trico y fotom\u00e9trico de las estructuras en la visual a Cygnus OB2<\/em><br>Pellizza, L. J.: <em>X-ray binary populations in local galaxies<\/em><br>Pereiras, H. R.: <em>Relaci\u00f3n masa &#8211; radio para enanas blancas provenientes de la evoluci\u00f3n binaria<\/em><br>P\u00e9rez, D.: <em>Cosmological wormhole in a bouncing universe<\/em><br>Plaza, F.: <em>Testing an Alternative Cosmological Model with Observational Data<\/em><br>Regna, T: <em>Explorando la formaci\u00f3n de material circumestelar y precursores en supernovas ricas en hidr\u00f3geno: an\u00e1lisis de la SN 2020tif<br><\/em>Reynaldi, V.: <em>La fusi\u00f3n, la actividad nuclear, y el medio interestelar en la radiofuente 3C 305<\/em><br>Rizzo, L.: <em>An\u00e1lisis en multifrecuencia de los c\u00famulos BH 205 y Ruprecht 102 y de su medio interestelar<\/em><br>Rom\u00e1n Aguilar, L. M.: <em>Explorando los posibles or\u00edgenes de supernovas asociadas a gamma-ray bursts<\/em><br>Rossignoli, N. L.: <em>Craterizaci\u00f3n en los sat\u00e9lites de los planetas gigantes: un an\u00e1lisis comparativo<\/em><br>Ruiz Diaz, M. A.: <em>Estudiando la poblaci\u00f3n de estrellas B en la direcci\u00f3n a NGC 6834<\/em><br>Saker, L: <em>B\u00fasqueda de tr\u00e1nsitos planetarios en curvas de luz TESS de enanas blancas con discos de polvo<\/em><br>Salda\u00f1o, H. P.: <em>Molecular cloud properties in low metallicity galaxies<\/em><br>Scalia, M. C.: <em>\u00cdndices de Lick: descifrando la historia de los C\u00famulos de Virgo y Coma<\/em><br>Schachner, A. R.: <em>Enhancing the Popcorn Void Finder: adapting for real Galaxy catalogs and its impact for observational cosmology<\/em><br>Sup\u00e1n, L.: <em>Restos de supernova: un rompecabezas de m\u00e1s de 20 \u00f3rdenes de magnitud<\/em><br>Supanitsky, A. D.: <em>Galaxy cluster accretion shocks and the origin of ultra-high energy cosmic rays<\/em><br>Vasquez, A. M.: <em>Tomography of the solar corona with Metis and LASCO-C2<\/em><br>Vieyro, F. L.: <em>Fast Radio Bursts: from the Universe to the lab<\/em><br>Villagran, M. A.: <em>Simulaciones de Superc\u00e1scaras de HI: Formaci\u00f3n y Evoluci\u00f3n<\/em><br>Weiss, J .: <em>Comportamiento del flujo \u00f3ptico del blazar PKS 2155-304 a lo largo de m\u00e1s de dos d\u00e9cadas y sus implicancias<br><\/em>Zain, P. S.: <em>Evoluci\u00f3n de NEA cruzadores del Cintur\u00f3n de Asteroides<\/em><br>Zayas, S.: <em>Exploraci\u00f3n de estrategias para fotometr\u00eda multibanda del c\u00famulo de galaxias de Antlia usando SourceXtractor++<br><\/em>Zubieta, E.: <em>Irregularidades rotacionales en p\u00falsares observados desde el IAR<\/em><\/p>\n","protected":false},"excerpt":{"rendered":"<p>Contribuciones orales Importante: Las contribuciones orales (charlas cortas) tendr\u00e1n una duraci\u00f3n de 12 minutos (10\u2019 de charla m\u00e1s 2\u2019 de preguntas). Los p\u00f3sters podr\u00e1n tener como m\u00e1ximo 80 cm de ancho y 90 cm de alto. Alberici Adam, A.: An\u00e1lisis de variabilidad y evoluci\u00f3n de una muestra de supergigantes BAraujo Furlan, S. B.: Search of [&hellip;]<\/p>\n","protected":false},"author":1,"featured_media":0,"parent":0,"menu_order":0,"comment_status":"closed","ping_status":"closed","template":"","meta":{"footnotes":""},"_links":{"self":[{"href":"https:\/\/raaa66.iar.unlp.edu.ar\/index.php\/wp-json\/wp\/v2\/pages\/873"}],"collection":[{"href":"https:\/\/raaa66.iar.unlp.edu.ar\/index.php\/wp-json\/wp\/v2\/pages"}],"about":[{"href":"https:\/\/raaa66.iar.unlp.edu.ar\/index.php\/wp-json\/wp\/v2\/types\/page"}],"author":[{"embeddable":true,"href":"https:\/\/raaa66.iar.unlp.edu.ar\/index.php\/wp-json\/wp\/v2\/users\/1"}],"replies":[{"embeddable":true,"href":"https:\/\/raaa66.iar.unlp.edu.ar\/index.php\/wp-json\/wp\/v2\/comments?post=873"}],"version-history":[{"count":9,"href":"https:\/\/raaa66.iar.unlp.edu.ar\/index.php\/wp-json\/wp\/v2\/pages\/873\/revisions"}],"predecessor-version":[{"id":939,"href":"https:\/\/raaa66.iar.unlp.edu.ar\/index.php\/wp-json\/wp\/v2\/pages\/873\/revisions\/939"}],"wp:attachment":[{"href":"https:\/\/raaa66.iar.unlp.edu.ar\/index.php\/wp-json\/wp\/v2\/media?parent=873"}],"curies":[{"name":"wp","href":"https:\/\/api.w.org\/{rel}","templated":true}]}}